se
Is 248293931 prime?
False
Is 2659493261 composite?
True
Is 88078277761 a composite number?
False
Is 1053006023 a prime number?
True
Is 7421074897 composite?
False
Is 6126724627 a composite number?
False
Is 117588953 prime?
False
Is 56747970497 a prime number?
False
Is 110025208459 composite?
False
Is 1003119031 prime?
True
Is 1521310211 a prime number?
False
Is 736078073 a prime number?
True
Is 87616264447 a prime number?
True
Is 2027434091 a composite number?
True
Is 1575099809 composite?
False
Is 46700377211 composite?
True
Is 896643589 composite?
True
Is 902725267 composite?
False
Is 99225896993 a prime number?
True
Is 7617477187 a prime number?
True
Is 34476360629 prime?
False
Is 8409079097 a prime number?
False
Is 12818717647 a prime number?
True
Is 30516189149 a prime number?
True
Is 1076051357 composite?
False
Is 30390133161 a composite number?
True
Is 106945259 prime?
False
Is 8573597597 composite?
False
Is 579982801 composite?
False
Is 2858229743 prime?
True
Is 314058467 a composite number?
True
Is 2570735873 a composite number?
False
Is 214296091 prime?
True
Is 9328329161 composite?
False
Is 324858003109 prime?
True
Is 752136019 a composite number?
False
Is 25866948851 a composite number?
True
Is 104580761 prime?
True
Is 471416513 a prime number?
True
Is 2399017669 prime?
False
Is 197207353933 a composite number?
False
Is 364672243 prime?
False
Is 507300929 a prime number?
True
Is 564664199 composite?
True
Is 48672589037 prime?
True
Is 19189539583 prime?
True
Is 149326571 composite?
True
Is 39732801973 a composite number?
False
Is 604253567 a prime number?
True
Is 1094620789 a prime number?
False
Is 101582203 prime?
False
Is 39685553 prime?
False
Is 74268931631 a composite number?
False
Is 551753147 prime?
False
Is 573509 a prime number?
True
Is 230231021 a prime number?
True
Is 16857952313 composite?
False
Is 50325722683 prime?
True
Is 1844351563 a composite number?
False
Is 96466857371 prime?
False
Is 21635236237 composite?
True
Is 5376418433 prime?
False
Is 23983876207 prime?
False
Is 21063026 a prime number?
False
Is 61745081 a prime number?
False
Is 31569354679 composite?
False
Is 3953239561 a prime number?
True
Is 237712297 composite?
True
Is 885299929 composite?
False
Is 1760355463 a composite number?
False
Is 633505297 prime?
True
Is 11332015 a composite number?
True
Is 73538711 a composite number?
True
Is 322335371 a composite number?
True
Is 694231597 prime?
True
Is 1409162687 composite?
True
Is 2666558177 a prime number?
False
Is 27378577631 a composite number?
True
Is 5089285463 composite?
True
Is 1692879131 a prime number?
True
Is 2252016757 composite?
False
Is 218225555 a prime number?
False
Is 460243249 a composite number?
False
Is 160629907961 a composite number?
True
Is 42703721813 composite?
True
Is 50365657 a composite number?
False
Is 290357969 prime?
False
Is 6586657907 a composite number?
False
Is 4275724283 composite?
True
Is 73497613381 composite?
True
Is 30479062087 a prime number?
False
Is 178585563139 a composite number?
True
Is 5126465849 prime?
False
Is 3424488539 composite?
False
Is 62449015699 a prime number?
False
Is 135003613831 a composite number?
False
Is 294502268693 a prime number?
True
Is 1659532505 a composite number?
True
Is 23764820461 prime?
False
Is 94553911 prime?
True
Is 5816257327 composite?
True
Is 11503869877 a prime number?
True
Is 980885929 prime?
False
Is 82578737513 composite?
False
Is 151638562646 a composite number?
True
Is 288937277 composite?
False
Is 120591668489 a composite number?
False
Is 5106944803 composite?
False
Is 1204359721 a composite number?
False
Is 1866702179 a prime number?
True
Is 282858419 a prime number?
True
Is 7127563619 prime?
False
Is 2391613043 prime?
True
Is 26129547727 prime?
True
Is 1558824907 composite?
True
Is 684110897 prime?
False
Is 1717112113 a composite number?
True
Is 2709441847 prime?
False
Is 439900379 a composite number?
False
Is 431927121 prime?
False
Is 571411109 prime?
True
Is 9559207663 composite?
True
Is 4409082281 prime?
True
Is 419606339 composite?
True
Is 335105429 a composite number?
True
Is 99401938829 prime?
False
Is 246454079269 composite?
False
Is 504841849 a composite number?
True
Is 38528714173 a prime number?
True
Is 310735247 prime?
True
Is 67220551 a composite number?
True
Is 119439061 prime?
False
Is 6182125457 a prime number?
False
Is 1979636341 composite?
False
Is 28563594593 prime?
True
Is 3794752133 a prime number?
True
Is 485839939 composite?
True
Is 10009476973 a prime number?
False
Is 57686383 a composite number?
False
Is 4980671987 prime?
True
Is 31315034081 composite?
True
Is 649284127 composite?
False
Is 23455205391 prime?
False
Is 2884355563 a composite number?
True
Is 1388862301 a composite number?
True
Is 90927388309 prime?
True
Is 7401038717 prime?
False
Is 6116085629 prime?
False
Is 17942390981 a composite number?
True
Is 92916393199 prime?
False
Is 12113424751 a composite number?
False
Is 11221668511 a composite number?
False
Is 3846546079 a composite number?
False
Is 19520649521 prime?
True
Is 33797009087 a prime number?
True
Is 14182774607 prime?
True
Is 1731110239 a prime number?
False
Is 309833711 prime?
False
Is 21074009051 composite?
True
Is 1430095913 prime?
False
Is 219568746701 a prime number?
True
Is 2625164426 composite?
True
Is 5129027947 composite?
True
Is 53041028167 prime?
True
Is 5929151857 a composite number?
False
Is 440131039 a prime number?
True
Is 780973001 prime?
True
Is 6652105169 a composite number?
False
Is 18216961049 a composite number?
True
Is 239962069 prime?
True
Is 3855919621 a prime number?
False
Is 3262990567 prime?
True
Is 1891371539 composite?
False
Is 13759537357 composite?
True
Is 5893380349 composite?
True
Is 6336620747 a prime number?
False
Is 446150417 prime?
True
Is 113259129943 a prime number?
False
Is 8846894141 composite?
False
Is 55582536623 a prime number?
True
Is 44471005879 a composite number?
False
Is 138684959509 a composite number?
True
Is 2064475807 a composite number?
False
Is 887295983 composite?
True
Is 23938788793 a prime number?
True
Is 58536176833 a prime number?
True
Is 38363323451 composite?
True
Is 25900247171 a composite number?
True
Is 182646733 composite?
True
Is 9401060243 prime?
False
Is 5873803937 a composite number?
False
Is 166092442 composite?
True
Is 12291352181 composite?
False
Is 467961139 prime?
False
Is 30532956407 a prime number?
False
Is 66983316709 a prime number?
False
Is 817277999 a prime number?
True
Is 73296666679 prime?
False
Is 182075633 prime?
False
Is 93879733 composite?
True
Is 38596348823 a composite number?
False
Is 3100269587 a prime number?
True
Is 1249928354 composite?
True
Is 4731708767 a composite number?
False
Is 812396857 prime?
False
Is 471536213 composite?
True
Is 6456138301 prime?
True
Is 27406302421 a prime number?
True
Is 308011323 composite?
True
Is 16336663897 prime?
False
Is 1544591929 a prime number?
True
Is 1463466629 a composite number?
True
Is 112373751982 a prime number?
False
Is 118183669 composite?
False
Is 25756782547 a composite number?
False
Is 260773889 a prime number?
False
Is 45552261791 prime?
True
Is 3724795369 prime?
False
Is 109384903 a composite number?
False
Is 14749917703 a prime number?
True
Is 96080567111 a prime number?
False
Is 4591543381 a composite number?
False
Is 1892838671 prime?
False
Is 39808878771 composite?
True
Is 1181602397 a composite number?
True
Is 16735259857 prime?
True
Is 606885451 a prime number?
False
Is 116839999 prime?
True
Is 23340997003 a prime number?
True
Is 1307267497 prime?
True
Is 20237020197 a prime number?
False
Is 617176533 composite?
True
Is 1417649113 a composite number?
False
Is 5683975343 prime?
False
Is 16574986651 a prime number?
True
Is 3820160027 prime?
True
Is 966304387 prime?
False
Is 18652746143 a composite number?
False
Is 4797217237 a prime number?
True
Is 88355214793 composite?
False
Is 1672300066 a prime number?
False
Is 58750290439 composite?
False
Is 18380644529 a prime number?
False
Is 9823700366 a composite number?
True
Is 41164913323 a composite number?
False
Is 2090628041 a composite number?
False
Is 1123760161 composite?
True
Is 37452173953 prime?
False
Is 24176061079 a composite number?
False
Is 31874257 a prime number?
T